1599
What are the prime factors of 104477578?
2, 83, 629383
List the prime factors of 98514876.
2, 3, 929, 8837
List the prime factors of 512875001.
512875001
What are the prime factors of 3643882867?
17, 2179, 98369
List the prime factors of 238428084.
2, 3, 947, 20981
List the prime factors of 4092877991.
23, 177951217
List the prime factors of 1783374426.
2, 3, 17, 193, 30197
What are the prime factors of 3131741724?
2, 3, 83, 139, 22621
What are the prime factors of 1806893408?
2, 59, 957041
List the prime factors of 287064108.
2, 3, 17, 156353
What are the prime factors of 5835348039?
3, 17, 19, 151, 2099
List the prime factors of 63789220.
2, 5, 11, 289951
List the prime factors of 242876107.
19, 672787
What are the prime factors of 3611027850?
2, 3, 5, 41, 223, 2633
What are the prime factors of 51519745?
5, 10303949
List the prime factors of 122144411.
181, 674831
What are the prime factors of 742605998?
2, 1663, 223273
List the prime factors of 625240395.
3, 5, 13, 23, 31, 1499
List the prime factors of 753691584.
2, 3, 751, 5227
What are the prime factors of 1749355338?
2, 3, 37, 7879979
List the prime factors of 2857619971.
3469, 823759
What are the prime factors of 94280051?
809, 116539
List the prime factors of 1809541242.
2, 3, 33510023
List the prime factors of 3334321233.
3, 123493379
List the prime factors of 465236633.
11071, 42023
What are the prime factors of 2140917052?
2, 373, 3847
What are the prime factors of 481860159?
3, 11, 19, 599, 1283
What are the prime factors of 1075416472?
2, 13, 10340543
What are the prime factors of 1708991370?
2, 3, 5, 18988793
What are the prime factors of 2863467997?
13, 43, 47, 73, 1493
List the prime factors of 57266963.
13, 4405151
List the prime factors of 196721778.
2, 3, 11, 401, 7433
List the prime factors of 789370616.
2, 71, 457, 3041
What are the prime factors of 119968038?
2, 3, 6664891
List the prime factors of 215019002.
2, 11, 997, 9803
What are the prime factors of 6987060?
2, 3, 5, 19, 227
What are the prime factors of 81041111?
43, 1884677
List the prime factors of 513287633.
227, 239, 9461
List the prime factors of 1189804912.
2, 41, 103, 17609
What are the prime factors of 134371772?
2, 97, 223, 1553
List the prime factors of 248265.
3, 5, 613
What are the prime factors of 3829037353?
3829037353
What are the prime factors of 672333962?
2, 19, 727, 24337
What are the prime factors of 203409196?
2, 2473, 20563
List the prime factors of 75162245.
5, 659, 22811
What are the prime factors of 1052668560?
2, 3, 5, 17, 59, 4373
List the prime factors of 40685172.
2, 3, 11, 193, 1597
List the prime factors of 256290353.
11, 1753, 13291
List the prime factors of 3859876862.
2, 1929938431
List the prime factors of 28775152.
2, 7, 17, 127
What are the prime factors of 316120143?
3, 53, 1988177
What are the prime factors of 226347824?
2, 14146739
List the prime factors of 1667392445.
5, 47, 7095287
List the prime factors of 134441205.
3, 5, 541, 16567
List the prime factors of 653232965.
5, 7, 11, 37, 6551
List the prime factors of 662864165.
5, 29, 31, 67, 71
List the prime factors of 5078409012.
2, 3, 141066917
List the prime factors of 6108610273.
23, 3733, 71147
What are the prime factors of 795591055?
5, 7, 103, 199, 1109
What are the prime factors of 137197918?
2, 11, 13, 36901
What are the prime factors of 164724093?
3, 18302677
List the prime factors of 41477286.
2, 3, 73, 281, 337
List the prime factors of 2400082976.
2, 139, 173, 3119
List the prime factors of 4324832673.
3, 7, 191, 733, 1471
List the prime factors of 901733414.
2, 17, 53, 83, 6029
List the prime factors of 7195562236.
2, 23, 131, 149, 4007
List the prime factors of 283237591.
7, 13, 73, 6091
What are the prime factors of 5419580659?
40483, 133873
List the prime factors of 562653454.
2, 11, 17, 1504421
List the prime factors of 1356818130.
2, 3, 5, 43, 229, 1531
List the prime factors of 30325070.
2, 5, 191, 15877
List the prime factors of 37004324.
2, 7, 19, 69557
What are the prime factors of 20504176?
2, 7, 11, 17, 89
List the prime factors of 1744794730.
2, 5, 7, 24925639
List the prime factors of 68844560.
2, 5, 17, 223, 227
List the prime factors of 3848048416.
2, 19, 73, 181, 479
What are the prime factors of 2846787623?
229, 12431387
What are the prime factors of 157885303?
157885303
What are the prime factors of 9531520?
2, 5, 53, 281
What are the prime factors of 6378677554?
2, 3189338777
What are the prime factors of 1223430?
2, 3, 5, 13, 3137
List the prime factors of 61967849.
191, 324439
What are the prime factors of 72258652?
2, 18064663
List the prime factors of 38461821.
3, 353, 36319
List the prime factors of 2939966041.
2939966041
List the prime factors of 1334983387.
1334983387
What are the prime factors of 2396074752?
2, 3, 197, 5279
List the prime factors of 30645807.
3, 10215269
What are the prime factors of 606916552?
2, 11, 67, 79, 1303
List the prime factors of 5465044458.
2, 3, 101204527
What are the prime factors of 143105992?
2, 17888249
List the prime factors of 130845625.
5, 209353
List the prime factors of 12679739.
17, 23, 32429
What are the prime factors of 388988568?
2, 3, 7411
What are the prime factors of 174750874?
2, 67, 1304111
List the prime factors of 80481786.
2, 3, 7, 11, 29, 6007
List the prime factors of 492105539.
23, 21395893
List the prime factors of 1140359045.
5, 7, 71, 458897
List the prime factors of 1035099.
3, 13, 983
What are the prime factors of 205443773?
89, 2308357
What are the prime factors of 162384456?
2, 3, 13, 29, 131, 137
What are the prime factors of 3586385657?
3586385657
What are the prime factors of 148252656?
2, 3, 239, 12923
List the prime factors of 868777682.
2, 434388841
What are the prime factors of 116455903?
116455903
What are the prime factors of 50522662?
2, 25261331
List the prime factors of 962702225.
5, 1451, 26539
What are the prime factors of 274473940?
2, 5, 13, 443, 2383
List the prime factors of 951321604.
2, 237830401
What are the prime factors of 876844332?
2, 3, 7, 13, 6863
List the prime factors of 154779675.
3, 5, 2063729
List the prime factors of 38131187.
17, 907, 2473
What are the prime factors of 16677704?
2, 359, 5807
List the prime factors of 84250069.
223, 467, 809
List the prime factors of 44611366.
2, 17, 47, 27917
What are the prime factors of 202146601?
223, 906487
List the prime factors of 129880686.
2, 3, 13, 1665137
List the prime factors of 49525766.
2, 43, 71, 8111
List the prime factors of 1223613579.
3, 61, 6686413
List the prime factors of 34138438.
2, 2089, 8171
What are the prime factors of 53106219?
3, 1966897
List the prime factors of 73530317.
7, 10504331
What are the prime factors of 768583653?
3, 79, 3242969
List the prime factors of 16272937.
23, 109, 6491
What are the prime factors of 428268568?
2, 7, 13, 241, 2441
What are the prime factors of 185571481?
185571481
What are the prime factors of 366398646?
2, 3, 53, 373, 3089
What are the prime factors of 567931580?
2, 5, 17, 307, 5441
List the prime factors of 173427043.
409, 424027
List the prime factors of 92260525.
5, 7, 527203
What are the prime factors of 46831399?
46831399
What are the prime factors of 110980238?
2, 113, 607, 809
List the prime factors of 528541850.
2, 5, 10570837
List the prime factors of 97126802.
2, 48563401
What are the prime factors of 21262633?
7, 3037519
List the prime factors of 2089221027.
3, 696407009
What are the prime factors of 322104432?
2, 3, 13, 516193
List the prime factors of 1844949512.
2, 7, 32945527
List the prime factors of 618792980.
2, 5, 13, 2379973
What are the prime factors of 209849059?
7, 1103, 27179
What are the prime factors of 374707063?
374707063
What are the prime factors of 2263298447?
22133, 102259
What are the prime factors of 8059796582?
2, 26021, 154871
What are the prime factors of 111044903?
59, 1882117
What are the prime factors of 169422535?
5, 5087, 6661
List the prime factors of 562878549.
3, 62542061
What are the prime factors of 64566118?
2, 31, 89, 11701
List the prime factors of 782106028.
2, 11, 17775137
What are the prime factors of 3053188097?
617, 4948441
What are the prime factors of 2833649421?
3, 29, 1123127
What are the prime factors of 2505508?
2, 626377